 + 2*s**2 - 3. Let p be n(1). Suppose 10*f - 13*f + 315 = p. What are the prime factors of f?
3, 5, 7
Let i(h) = 10*h**2 - 2*h + 11. Let x = 79 + -90. Let l(t) = -3*t - 29. Let p be l(x). What are the prime factors of i(p)?
163
Suppose -4*m + 14560 = -5*r - 8314, 0 = m + 3*r - 5693. What are the prime factors of m?
5711
Let g(b) = -36*b + 91. Let t be g(11). List the prime factors of (110/(-275))/(2/t).
61
Suppose -4*j = -j + 2*k + 275, 0 = -j - 3*k - 101. Let y(s) = -s**3 + 2*s**2 + 6*s. Let g be y(5). Let o = g - j. List the prime factors of o.
2, 11
Suppose 4*n + b - 2354 = 0, b - 1209 = -2*n - 31. Suppose -4*q + 2*m = n, -4*q = -0*m + m + 576. Let p = 31 - q. List the prime factors of p.
2, 11
Let u be 32/40*15/6. Let r(b) = b**2 + 8*b - 16. Let j be r(-9). List the prime factors of (6 - (88 + 0))*j/u.
7, 41
Let w(t) = -12*t**2 + 3. Let u be w(3). Let m be (-10 + 133/14)/(2/172). Let c = m - u. List the prime factors of c.
2, 31
Let f = 78 + 38. Let u = f + 58. What are the prime factors of u?
2, 3, 29
Suppose -80885 = 12*b - 19*b. Suppose -63*g + 79280 = b. What are the prime factors of g?
5, 43
Let q = 741 + 594. Suppose -3*s + 303 = -q. What are the prime factors of s?
2, 3, 7, 13
Suppose -4*t + 4*d + 3 = -5, -2 = t + d. Suppose -84*u + 78*u + 816 = t. What are the prime factors of u?
2, 17
Let x(s) = s**2 + 30*s + 12. Suppose 5*l = -5*o, -5*o + l - 6 = 3*l. Let k(q) = -q**2 + q + 1. Let d(r) = o*k(r) + x(r). What are the prime factors of d(-11)?
5, 13
Suppose -105*b - 160482 = -111*b. List the prime factors of b.
7, 3821
What are the prime factors of (17 - (-738)/(-54))*(-166554)/(-10)?
2, 3, 19, 487
Suppose -685087 + 179269 = -54*h. What are the prime factors of h?
17, 19, 29
Let n(k) = -k**3 - 8*k**2 - 5*k - 20. Let v be (-4 + 3)/((-3)/12). Suppose f - 3 = -4*u, -2*f + 30 = -v*f + 4*u. What are the prime factors of n(f)?
2, 53
Suppose -3937 + 194569 = 24*n. List the prime factors of n.
13, 47
Suppose -c = -5*x + 29, -2*x = 3*c + 1 - 16. Suppose 8*i = 11*i, -x = -m - 2*i. Suppose 138 + m = 4*f. What are the prime factors of f?
2, 3
Let k = -4114 + 6969. List the prime factors of k.
5, 571
Let p be (2 + (-19)/(-4))*(20 - 4). Suppose -v = -4*d - 164, 0 = 4*d + 4*v + 76 + p. Let h = 188 - d. What are the prime factors of h?
2, 5, 23
Let p = 38266 + -22750. List the prime factors of p.
2, 3, 431
Let d(i) = -2*i**2 + 36*i + 30. Let q be (4 + -4 + 17)/((-4)/(-4)). Let l be d(q). Suppose 0 = -8*k + 4*k + l. What are the prime factors of k?
2
Suppose 0 = -76*g + 72*g + 8. Suppose g*a + 8928 = 14*a. List the prime factors of a.
2, 3, 31
Suppose 68763 - 375123 = -36*j. List the prime factors of j.
2, 5, 23, 37
Let r = 163 + -159. Suppose -3*q + 7*u - r*u + 63 = 0, 5*q + 2*u = 84. List the prime factors of q.
2, 3
Suppose 133795 = 9*h - 48815. List the prime factors of h.
2, 5, 2029
Let m(u) be the second derivative of 11*u**5/10 - u**4/6 + u**3/6 - 6*u. Suppose -2*s + 509 - 507 = 0. What are the prime factors of m(s)?
3, 7
Let l be (27/(-6) - -3) + 10/4. Let f = 38 + l. Suppose -111 = -6*x + f. What are the prime factors of x?
5
Let p = 250 - 233. Suppose -15*o + 636 = 4*z - p*o, 0 = -3*o + 6. List the prime factors of z.
2, 5
Suppose 42*h - 216 = 34*h. Let l(m) = -m**3 + 26*m**2 + 40*m + 41. What are the prime factors of l(h)?
2, 7
Suppose 29896 + 57286 = 10*x - 1058. List the prime factors of x.
2, 1103
Let o(c) = -c**2 - 16*c - 6. Let p be o(-15). Let f be 4 + 1059/p + 2/6. Let n = f - 115. List the prime factors of n.
7
List the prime factors of (4424 - 2640/(-60))*10/4.
2, 5, 1117
List the prime factors of 1/(3*((-2)/(-1) + 951153/(-475587))).
7549
Let u(x) = 1727*x**2 + 143*x + 7. What are the prime factors of u(-6)?
13, 53, 89
Let p = -183 - -190. Suppose 576 + 369 = p*y. List the prime factors of y.
3, 5
Let w = 57 - 58. What are the prime factors of 1 + -2 + w + (-1085)/(-31)?
3, 11
Suppose 4*x = -2*w + 2*x + 1318, -3*w - x + 1985 = 0. Suppose w = 7*o - 352. What are the prime factors of o?
5, 29
What are the prime factors of 4593 + (63/7 - -5)?
17, 271
Let l be -1*-10*(-25)/(-10). Suppose -4*d + 214 = -5*n, -28*d + 2*n = -l*d - 164. List the prime factors of d.
2, 7
List the prime factors of (6540/120)/(2/188).
47, 109
Suppose 4 = 2*r - 3*u, 0 = -6*u + 2*u. Let s(j) = 408*j - 16. What are the prime factors of s(r)?
2, 5
Let r(j) = -3*j**3 + 3*j**2 + 5*j + 2. Let y be r(4). Let h = -203 - y. Let a = h - -154. What are the prime factors of a?
73
Let b = 15 - 12. Suppose -8 = w - b*w. Suppose 0 = w*a - 960 + 228. List the prime factors of a.
3, 61
Let y(t) = 4*t - 9. Suppose -2*o - 6 = -2*j, -j = -5*o + o. Let w be o + 2 + (-54)/(0 + -6). What are the prime factors of y(w)?
3, 13
Suppose 175*w + 36 = 178*w. List the prime factors of (3520/33 - -4)/(1/w).
2, 83
Suppose -5*u = 5*k + 25, -3*k + 2*u + 2*u + 20 = 0. Let x be k + (4 - -81)*3. Let s = x - 128. List the prime factors of s.
127
Let i = -77 - -81. Suppose 0 = u + 5 - 1, 0 = i*v - u - 920. List the prime factors of v.
229
Let s(j) = 21*j**3 - 11*j + 15. List the prime factors of s(4).
5, 263
Suppose -146 = -k + 2*t + t, 516 = 4*k + 5*t. Suppose -3*p + 7 + k = 0. List the prime factors of p.
47
Suppose 806 - 5646 = -22*v. What are the prime factors of v?
2, 5, 11
What are the prime factors of 318 + -12 - (-9 + 1)?
2, 157
Let x = 320 - -716. Suppose 0 = 4*p, 0 = 4*n - 2*p - 3*p - x. List the prime factors of n.
7, 37
Let d = -105 + 24. Let w = d + 210. List the prime factors of w.
3, 43
List the prime factors of 12/27*((-30)/(-12) + 2) - -26053.
3, 5, 193
What are the prime factors of -1 + 5/2*(-182 + 288)?
2, 3, 11
Let n(f) = 2*f**2 + 24*f + 1. Let m be n(-12). What are the prime factors of (277 - 0/m)/1?
277
Let y(w) = 11*w**2 - w + 1. Let s = -155 + 160. What are the prime factors of y(s)?
271
List the prime factors of (1 - 18392/(-3)) + 193/579.
2, 3, 7, 73
Suppose -118*t = -114*t - 3184. Suppose -4*c + t = -464. What are the prime factors of c?
3, 5, 7
Let q(h) = -2*h + 77. Let x be q(0). Suppose -m - 5*u + 5 = -6, -3*m = 4*u - x. Let k = 100 - m. What are the prime factors of k?
3, 23
Let q(k) = 5*k**3 + 2*k**2 - 2*k + 1. Suppose 2*a - 5 + 3 = 0. Let h be q(a). Suppose h*v - 5 - 889 = 0. List the prime factors of v.
149
Let u(d) = -9*d + 17. Let z(x) = 2*x - 1. Let y(b) = -u(b) - 4*z(b). What are the prime factors of y(22)?
3
List the prime factors of 100/8 + -12 - (-51303)/(-6)*-1.
17, 503
Let y(q) = 2*q**2 - 14*q + 7. Let x be y(6). Let i be (1 + 22)*(28 + x). Suppose -4*t = 93 - i. What are the prime factors of t?
109
Let x(f) = -f - 9. Let h be x(-11). Let i(t) = -t**3 + 4*t**2 + 5*t - 7. Let r be i(h). Let n(k) = k**3 - 9*k**2 - 6*k + 36. List the prime factors of n(r).
2, 53
Let t = -638 - -3817. List the prime factors of t.
11, 17
Let i(l) = l**3 + 29*l**2 - 5*l - 66. Let v be i(-29). Let j = v - 77. Suppose j*a - 329 = -3*t, 7*a - 4*a = t - 106. List the prime factors of t.
109
Let s(g) = -194*g. What are the prime factors of s(-20)?
2, 5, 97
Suppose 0 = -5*c, u - 2*c = 3*u. Suppose u = -2*o + 244 + 336. What are the prime factors of o?
2, 5, 29
Let t(u) = 4462*u**2 + 53*u - 164. What are the prime factors of t(3)?
40153
Suppose -2*i - 3*i = -1275. Suppose 5*f + i - 1860 = -5*w, 651 = 2*f - w. List the prime factors of f.
2, 3
Suppose 212 = j + 2*a, -4*j + 161 = -5*a - 648. What are the prime factors of j?
2, 103
Suppose 2640 = 45*r - 37*r. Let o = 520 - r. List the prime factors of o.
2, 5, 19
Let m(f) = 3*f**2 + 5*f + 9. Let s be m(-3). Let j = 25 - s. List the prime factors of (j - (-3 - -6))*73.
73
Suppose 3*l = o - 50, -2*l - 5*o = -4*l - 55. Let w(m) = -m**3 - 15*m**2 + m + 19. Let d be w(l). Suppose 11 + 201 = d*b. What are the prime factors of b?
53
Suppose -5*o + 0 = -4*g + 72, g + 3*o - 18 = 0. What are the prime factors of 1184/g - 8/(-36)?
2, 3, 11
Let u be (0 - -4) + -45 - (-10 + 9). Suppose -3*t - 466 - 47 = 0. What are the prime factors of t*(u/12)/5?
2, 3, 19
Let v = 53575 - 31561. List the prime factors of v.
2, 3, 1223
List the prime factors of ((-4386431)/(-343))/((-2)/(-14)).
89519
Let z = 34 + 31. Let q(v) = -2*v**2 - 45*v - 260. Let c be q(-10). Let r = z + c. List the prime factors of r.
5, 11
What are the prime factors of (-2689)/(2 + 72/(-6